 22*n**2 - 23*n + 44. Determine z(21).
2
Let k(q) = -208*q - 4. What is k(1)?
-212
Let z(w) = 3*w - 27. Determine z(7).
-6
Let p(m) = m**3 - 8*m**2 - 8*m - 8. Give p(9).
1
Let j(l) = 2*l**3 + 11*l**2 - 7*l - 10. Give j(-6).
-4
Let k(z) = 2*z**2 - 20*z + 45. Determine k(12).
93
Let j(u) = -8*u + 3. Calculate j(9).
-69
Let f(s) = -s - 5. Give f(3).
-8
Let n(b) = b**3 + 21*b**2 - 23*b - 8. What is n(-22)?
14
Let c(o) = -4*o + 3. Give c(8).
-29
Let v(k) = 19*k + 76. Calculate v(-4).
0
Let f(s) = -2*s**2 + 2. Give f(-3).
-16
Let g(o) = 5*o - 2. What is g(4)?
18
Let v(o) = -o**3 - 14*o**2 - 14*o - 11. Determine v(-13).
2
Let s(c) = 4*c - 120. What is s(6)?
-96
Let t(m) = -m**3 + 16*m**2 + 16*m + 20. Determine t(17).
3
Let d(t) = 51*t**3 - 2*t**2 - 3*t - 1. Give d(-1).
-51
Let x(j) = j**3 - 22*j**2 + 37*j + 52. What is x(20)?
-8
Let o(w) = 11*w + 5. Determine o(0).
5
Let x(v) = v**3 + v - 3. What is x(2)?
7
Let j(m) = -m**3 + 9*m**2 + 10*m - 11. Determine j(10).
-11
Let q(z) = -7*z**2 + 4*z - 5. Give q(2).
-25
Let o(z) = -z - 37. What is o(-15)?
-22
Let q(i) = -i**2 - 10*i - 6. What is q(-10)?
-6
Let a(q) = -q**2 + 3*q + 7. What is a(-4)?
-21
Let x(d) = -10*d + 62. Determine x(9).
-28
Let h(s) = -3*s**2 - 20*s + 14. What is h(-7)?
7
Let a(w) = w - 25. Give a(17).
-8
Let m(x) = x - 4. Give m(-11).
-15
Let z(v) = -v**3 - 4*v**2 + 3*v - 6. What is z(-5)?
4
Let v(m) = -m**3 + 20*m**2 + 20*m + 26. Calculate v(21).
5
Let l(o) = o**3 - 26*o**2 + o - 37. Give l(26).
-11
Let b(s) = -49*s + 2. What is b(2)?
-96
Let o(m) = -m**3 + 3*m**2 + 7*m + 4. Determine o(-2).
10
Let v(p) = -p**3 - 3*p**2 + 8*p + 7. Determine v(-4).
-9
Let c(o) = -o**3 + 6*o**2 - 5*o + 18. Calculate c(6).
-12
Let y(h) = 4*h**3 + h**2 - 2*h + 1. Determine y(2).
33
Let z(i) = -19*i**3 + 2*i**2 - 18*i - 20. What is z(-1)?
19
Let o(g) = g**3 + 7*g**2 - 7*g - 11. Determine o(-7).
38
Let y(x) = -35*x + 350. Calculate y(10).
0
Let z(g) = 3*g - 29. What is z(4)?
-17
Let i(o) = -o - 11. What is i(-8)?
-3
Let x(d) = 2*d**3 - 3*d**2 + 4*d + 3. Calculate x(-2).
-33
Let d(o) = o**2 + 31*o + 25. Determine d(-30).
-5
Let z(a) = -3*a**2 + 8*a - 1. Calculate z(4).
-17
Let y(g) = -4*g + 38. Give y(12).
-10
Let j(u) = -u**2 + 18*u + 16. Give j(19).
-3
Let t(s) = -s**3 + 3*s**2 + s - 10. Determine t(3).
-7
Let m(h) = 21*h + 15. Determine m(-5).
-90
Let j(h) = -h**3 - 10*h**2 - 4*h + 43. Give j(-9).
-2
Let n(m) = -3*m + 5. Calculate n(5).
-10
Let t(v) = 2*v**2 + 6*v - 2. Give t(-4).
6
Let k(m) = m**3 + 11*m**2 + 10*m - 14. What is k(-10)?
-14
Let w(c) = -2*c**3 - 31*c**2 - 13*c + 26. Give w(-15).
-4
Let k(c) = -c**3 - 2*c**2 - c - 10. Calculate k(-3).
2
Let w(i) = 7*i**2 - 10*i - 9. What is w(-1)?
8
Let h(a) = -a**3 - 10*a**2 - 6*a - 2. What is h(-9)?
-29
Let v(q) = q**3 - 6*q**2 - 5*q - 21. Determine v(7).
-7
Let w(v) = 5*v - 13. Give w(10).
37
Let w(f) = f**3 - 11*f**2 + 12*f + 10. Calculate w(9).
-44
Let i(v) = v**3 + 14*v**2 + 15*v + 4. Determine i(-13).
-22
Let q(d) = -3*d**2 - d - 1. Calculate q(5).
-81
Let n(c) = -31*c + 344. What is n(11)?
3
Let h(x) = x**2 - 26*x + 20. Determine h(25).
-5
Let q(v) = -6*v**3 + v**2 - 2*v - 6. What is q(-2)?
50
Let v(f) = -2*f**2 + 15*f + 7. Determine v(8).
-1
Let a(l) = -5*l - 7. Give a(5).
-32
Let y(v) = v**3 + 10*v**2 - 12*v - 12. What is y(-11)?
-1
Let b(j) = 3*j**2 + 17*j + 1. Give b(-7).
29
Let g(s) = 2*s - 32. What is g(5)?
-22
Let c(w) = -w**2 + 9*w - 27. Calculate c(6).
-9
Let x(l) = -l - 8. Determine x(18).
-26
Let v(a) = a**3 - 7*a**2 + a + 1. Give v(6).
-29
Let r(y) = -4*y + 13. Determine r(-9).
49
Let l(r) = -9*r - 34. Give l(-5).
11
Let f(r) = 35*r + 243. Calculate f(-6).
33
Let a(b) = 30*b**3 + b**2 - b - 1. Give a(-1).
-29
Let z(k) = k. Give z(-9).
-9
Let g(r) = -2*r**3 - 18*r**2 - 17*r - 8. Give g(-8).
0
Let m(c) = -2*c - 31. Give m(-13).
-5
Let i(m) = m**3 - 11*m**2 - 26*m - 6. Calculate i(13).
-6
Let g(a) = -a**3 + 5*a**2 + 10*a - 18. What is g(6)?
6
Let i(h) = 3*h**2 + h + 15. Determine i(4).
67
Let k(z) = -3*z + 1. Give k(8).
-23
Let b(i) = -i**2 + 9*i - 7. Give b(9).
-7
Let y(q) = -4*q**2 + q - 1. Determine y(2).
-15
Let s(x) = 5*x - 13. Give s(5).
12
Let x(i) = -i**3 + 16*i**2 - 15*i - 21. Determine x(15).
-21
Let l(a) = -a**3 + 7*a**2 + 4*a - 34. What is l(6)?
26
Let g(j) = -8*j**2 + 1. Calculate g(-1).
-7
Let p(r) = r**3 - 2*r + 5. Determine p(2).
9
Let n(f) = -f**3 - 3*f**2 - 2*f - 5. Calculate n(-3).
1
Let m(v) = 9*v + 59. Calculate m(-10).
-31
Let d(a) = -9*a - 38. What is d(-6)?
16
Let r(y) = -2*y**2 - 8*y - 12. Calculate r(-3).
-6
Let w(n) = n**2 + 16*n + 40. Calculate w(-14).
12
Let j(y) = -y + 13. Determine j(-9).
22
Let w(c) = 24*c - 22. Calculate w(3).
50
Let d(s) = -3*s + 15. Give d(6).
-3
Let l(r) = 7*r + 4. Give l(7).
53
Let g(o) = -o**3 - 15*o**2 - 21*o - 25. What is g(-14)?
73
Let l(h) = -2*h**2 - h + 4. Give l(0).
4
Let d(k) = 3*k - 32. Give d(14).
10
Let a(t) = t - 4. Determine a(2).
-2
Let o(l) = -l**3 + 13*l**2 + 20. Give o(13).
20
Let m(j) = -j**3 + 30*j**2 + 2*j - 47. Determine m(30).
13
Let r(m) = m**3 - 2*m**2 + m - 1. Give r(1).
-1
Let s(h) = -h**3 + 15*h**2 - 13*h - 23. What is s(14)?
-9
Let s(g) = -g**2 - 31*g - 226. Give s(-12).
2
Let w(h) = 2*h**2 - 13*h - 4. Give w(7).
3
Let v(i) = -i**3 - 13*i**2 - 14*i - 17. Calculate v(-12).
7
Let w(y) = 4*y**2 - 38*y - 24. What is w(10)?
-4
Let n(f) = 33*f + 9. Calculate n(4).
141
Let i(p) = p**3 - 72*p**2 + 64*p + 496. Give i(71).
-1
Let x(t) = 3*t**2 - 3*t - 2. Give x(3).
16
Let q(s) = 2*s**2 - 10*s + 25. Give q(5).
25
Let c(d) = d**2 + 4*d - 3. What is c(-3)?
-6
Let m(f) = 20*f + 75. Give m(-5).
-25
Let k(f) = f**2 - 2*f. Calculate k(0).
0
Let d(h) = -3*h**2 - 15*h. Give d(-6).
-18
Let b(v) = -19*v - 172. Calculate b(-9).
-1
Let q(s) = -12*s - 110. Calculate q(-9).
-2
Let m(w) = -4*w + 11. Calculate m(7).
-17
Let h(x) = 5*x + 28. Calculate h(-5).
3
Let t(r) = -r**3 + 5*r**2 + 8*r - 21. What is t(6)?
-9
Let o(g) = 38*g - 3. Calculate o(-1).
-41
Let z(f) = f**3 - 5*f**2 + 7*f - 5. Give z(4).
7
Let l(n) = 3*n - 47. Determine l(20).
13
Let m(f) = -f**2 + 5*f + 7. What is m(5)?
7
Let u(c) = 2*c - 32. Give u(17).
2
Let h(w) = 66*w + 73. Determine h(-1).
7
Let a(r) = r**2 - r - 13. What is a(5)?
7
Let d(b) = -b**2 + b - 4. What is d(8)?
-60
Let j(r) = 6*r**2 + 42*r - 6. Determine j(-7).
-6
Let g(t) = 47*t - 1. Give g(1).
46
Let a(k) = 18*k**2 + 1. Give a(1).
19
Let v(l) = l**3 - 6*l**2 + 5*l - 26. Give v(6).
4
Let k(z) = -z**2 + 2*z + 3. Calculate k(3).
0
Let l(v) = -v**2 + 13*v - 13. What is l(13)?
-13
Let x(m) = m**2 + 13*m + 13. What is x(-8)?
-27
Let o(f) = f**3 - 11*f**2 - 19*f - 25. Determine o(13).
66
Let q(r) = r**2 - 17*r + 22. What is q(15)?
-8
Let q(j) = -j**2 - 22*j - 47. What is q(-21)?
-26
Let b(s) = -13*s + 3. Give b(4).
-49
Let x(g) = g**3 - 8*g**2 + 8*g + 1. Determine x(7).
8
Let l(b) = b**3 + 4*b**2 - b - 1. Calculate l(-4).
3
Let o(c) = -c**2 - 20*c - 67. Calculate o(-5).
8
Let r(h) = -4*h - 8. Determine r(5).
-28
Let w(g) = 4*g - 13. Calculate w(23).
79
Let x(y) = -3*y - 3. Calculate x(4).
-15
Let k(g) = -4*g + 15. What is k(-12)?
63
Let l(w) = -w + 18. What is l(17)?
1
Let j(p) = p**3 - 2*p**2 - 1. Calculate j(2).
-1
Let r(z) = -z**2 + 28*z - 2. Give r(26).
50
Let v(a) = a**3 + 25*a**2 + 23*a - 36. Determine v(-24).
-12
Let w(c) = 2*c**2 + 24*c + 15. What is w(-10)?
-25
Let v(c) = c**3 - 6*c**2 - 40*c + 228. Calculate v(5).
3
Let q(m) = -17*m + 309. Give q(18).
3
Let s(n) = -n**2 + n + 4. Give s(5).
-16
Let n(i) = -21*i. Determine n(-2).
42
Let y(v) = -v**2 - v - 5. Calculate y(-5).
-25
Let o(r) = -2*r**2 + 74*r - 14. Give o(37).
-14
Let r(h) = -h + 5. What is r(6)?
-1
Let g(w) = 10*w - 9. What is g(8)?
71
Let t(s) = -s**2 + 16*s - 10. Calculate t(15).
5
Let k(i) = -12*i + 441. Give k(36).
9
Let t(w) = -4*w + 152. Give t(37).
4
Let v(u) = 2*u + 2. What is v(3)?
8
Let d(x) = x + 13. What is d(2)?
15
Let u(p) = 2*p + 11. Determine u(-7).
-3
Let x(h) = -8*h + 7. Calculate x(-6).
55
Let i(p) = -34*p**2 + p + 1. Calculate i(1).
-32
Let m(n) = -2*n**2 - 9*n - 5. Determine m(-8).
-61
Let a(l) = -l**3 + 19*l**2 - 17*l - 1. Determine a(18).
17
Let m(b) = b**2 - 30*b - 18. Calculate m(30).
-18
Let b(k) = k - 7. Determine b(0).
-7
Let v(h) = 2*h**3 + 27*h**2 - 12*h + 28